ors of i?
19
Let i = 31 + -6. Suppose i + 29 = 3*d. List the prime factors of d.
2, 3
Let c be 2 - 0/((-1)/(-1)). Let w(j) = j**2 - j + 5. Let x be w(0). Suppose x - c = v. List the prime factors of v.
3
Let u be 8/12*6/4. Let v = u - -3. Let c = v - -4. What are the prime factors of c?
2
Let f(o) = -2*o + 9. Let i be f(-7). Let a = i - 14. List the prime factors of a.
3
Suppose -y + 20 = -3*y. Let k = 28 + y. What are the prime factors of k?
2, 3
Let h(a) be the third derivative of -a**4/24 + 4*a**3/3 - a**2. Let b be h(9). List the prime factors of 4*b*10/(-4).
2, 5
Suppose -3*y - 96 = -7*y. Suppose -2*z + 10 = 2*k - y, -k + 2*z + 17 = 0. What are the prime factors of k?
17
Let t = 19 + 6. Suppose 0 = -2*v - 5*c + 13, 5*v + c + 4 = t. What are the prime factors of v?
2
Let y(o) = -o**3 + 6*o**2 + 8*o - 1. Let d(g) = 3*g - 2. Suppose 2*q - 3*p = 2*p + 6, -q + 3 = -5*p. Let k be d(q). What are the prime factors of y(k)?
2, 3
Suppose 0 = -4*a + 6*a - 62. What are the prime factors of a?
31
Let p = 55 + 78. List the prime factors of p.
7, 19
Let o = -25 + 35. Suppose 4*c + 25 = -c, -k + o = 2*c. List the prime factors of k.
2, 5
Let y(b) = -b**2 + 7*b + 11. List the prime factors of y(6).
17
Suppose 36 = 5*d - 69. Let y(w) = 2*w**2 - w - 2. Let v be y(3). Let c = d - v. List the prime factors of c.
2
Let w(l) = 9*l + 7. Let x be w(3). Suppose 0 = 5*k - 66 - x. What are the prime factors of k?
2, 5
Suppose 0 = -8*n - 893 + 3309. What are the prime factors of n?
2, 151
Suppose 10*b - 84 = 7*b. List the prime factors of b.
2, 7
Let k(a) = 2*a**2 - 5*a - 2. List the prime factors of k(7).
61
List the prime factors of (-61 + -1)/(7/(35/(-10))).
31
Suppose -4*f = 3*l - 382, 2*f - 69 - 115 = 2*l. What are the prime factors of f?
2, 47
Suppose -2 = 4*b + c + 3, 3*b = 3*c. Let g = b - -29. List the prime factors of g.
2, 7
Suppose -2*d + d - 12 = 0. Let t = 2 - d. Suppose 5*n + 2*c - 43 = 0, c + 3 = 3*n - t. List the prime factors of n.
7
Let v(a) = 3*a + 22. List the prime factors of v(8).
2, 23
Suppose 15*f - 651 = 879. List the prime factors of f.
2, 3, 17
Let c(h) = 5*h + 22. List the prime factors of c(8).
2, 31
Let j(v) = 5*v + 2. Let r = 20 - 17. List the prime factors of j(r).
17
Suppose 4*x - 153 = 243. List the prime factors of x.
3, 11
Suppose -9*x = -631 - 620. List the prime factors of x.
139
Let o = 123 + -70. What are the prime factors of o?
53
Let f = 66 - -25. What are the prime factors of f?
7, 13
Let w be (2 - 3)/(1/(-2)). Suppose -2*n - w*n = 0. What are the prime factors of n + -1 - -3 - -1?
3
What are the prime factors of (-1684)/(-7) - 20/35?
2, 3, 5
Let k be 1 + -4 + 2 + -1. Let g = 3 - k. Suppose 5*u - 10 = 5*p - 0, -4*u = -g*p - 3. List the prime factors of u.
7
Let x be -40*(-2 + 14/5). Let m = 45 + x. What are the prime factors of m?
13
Let c(k) = -k - 2. Let y be c(-6). Let i be y + 1*(-3)/(-3). Suppose 0 = i*v - 4 - 46. List the prime factors of v.
2, 5
Let l = -10 - -14. Let t be (-42)/l*(2 - 4). Let v = 32 - t. List the prime factors of v.
11
Let c(i) = -i**2 + 14*i + 6. Let n = 27 - 16. List the prime factors of c(n).
3, 13
Suppose 5*l + 5 = -4*o, -2*l - 5*o + 0*o = -15. Let m = l - -14. What are the prime factors of m?
3
Suppose -v + 59 + 55 = -3*i, 4*v = 5*i + 463. What are the prime factors of v?
3, 13
Let l(g) = -g**3 + 13*g**2 - 16*g + 9. List the prime factors of l(11).
3, 5
Let c be 2*2/(-16)*-8. Suppose c*z - 44 = -0*z. List the prime factors of z.
2, 11
Let u = 9 - 23. Let g be 4/14 + (-206)/u. Suppose 0 = -5*j + 5*f + 15, 2*f - f = 3*j - g. What are the prime factors of j?
2, 3
Let r = -434 - -607. What are the prime factors of r?
173
Let d be ((-16)/(-2))/((-4)/(-2)). Let m(l) = l**3 - 2*l**2 + 3. What are the prime factors of m(d)?
5, 7
Suppose -3*x + 2*h - 8 + 116 = 0, 2*h + 74 = 2*x. List the prime factors of x.
2, 17
Let r(x) = x**2 - 6*x + 5. Let l be r(4). Let a be (-3)/l*2 - -2. Suppose -a*z - 32 = -j - 3*j, 2*j + 4*z + 2 = 0. List the prime factors of j.
5
Let m = 10 - 4. Let t(n) = n + 6. What are the prime factors of t(m)?
2, 3
Let w(q) be the third derivative of q**6/120 + q**5/60 - q**4/12 + q**3/3 - 2*q**2. Let c be w(2). Suppose c = -5*f + 25. What are the prime factors of f?
3
Let d = -1 - -4. Suppose -d*s = -0*s - 18. List the prime factors of s.
2, 3
Suppose 2*o = -5*a + 1 + 73, -5*a + 60 = -5*o. What are the prime factors of a?
2, 7
Let f be (-1 - -5)*(10 - 0). Let u = -26 + f. Suppose -4 + u = 2*z. What are the prime factors of z?
5
Suppose 4*l + 2*r - 457 = 5*r, 3*l - 5*r - 329 = 0. What are the prime factors of l?
2, 59
List the prime factors of (-3 - 15/(-6))*-100.
2, 5
Suppose -3 = -2*n + 1. Let l(b) = -b**2 + 3*b - 2. Let c be l(n). Let y(o) = -o + 13. List the prime factors of y(c).
13
Suppose -24 = 5*m + x, 0 = 4*m - 5*x + 3*x + 8. List the prime factors of (-61)/(-2) + 2/m.
2, 3, 5
List the prime factors of 4/14 - (-124)/7.
2, 3
Suppose 5*l - 6*l + 78 = 0. Let j be l/24 + (-2)/8. Let s(k) = -k**3 + 6*k**2 - 5*k + 2. What are the prime factors of s(j)?
2, 7
Let u = 12 + 0. List the prime factors of u.
2, 3
Suppose -3*s - 168 = 15. Let k = 93 + s. What are the prime factors of k?
2
Suppose -8*k + 5*k = -585. What are the prime factors of k?
3, 5, 13
Let d(v) be the first derivative of -v**4/4 - 8*v**3/3 + 7*v**2/2 - 6*v - 2. List the prime factors of d(-9).
2, 3
Suppose -p - 2*s + 0*s = -145, p + s - 143 = 0. What are the prime factors of p?
3, 47
What are the prime factors of -3*(-14)/12*2?
7
Suppose -2*a + y - 23 + 79 = 0, 3*y - 92 = -4*a. List the prime factors of a.
2, 13
Let i(b) be the first derivative of -9*b**2/2 - 9. Suppose -3*o + 0 - 6 = 0. List the prime factors of i(o).
2, 3
Suppose -5*r + 28 = 2*v, -3*v - 8 = -7*r + 2*r. What are the prime factors of v?
2
Suppose 0 = -0*j + 5*j + 4*v - 76, -3*v - 67 = -4*j. List the prime factors of j.
2
Suppose 3*g + a - 329 = -1, -4*g = -3*a - 433. List the prime factors of g.
109
Suppose 4*v - 53 - 11 = 0. List the prime factors of v.
2
List the prime factors of 6/(-4)*(-40)/15.
2
Let t(p) be the second derivative of -1/2*p**3 - p + 0 + 1/12*p**4 - 3/2*p**2. What are the prime factors of t(5)?
7
Let n = -18 + 13. Let x be 22/5 - (-2)/n. Suppose 3*w + 16 = -w, x*w = f - 21. List the prime factors of f.
5
Let s = 30 + -58. Let b = 53 - 93. Let v = s - b. What are the prime factors of v?
2, 3
List the prime factors of (92/(-4))/(4/(-8)).
2, 23
Let l(w) = -w**3 - 11*w**2 - 8*w - 6. Suppose q + 7 = -3. Let m be l(q). Let p = m + 36. List the prime factors of p.
2, 5
Let v(c) = -c**3 + 9*c**2 - 6*c - 11. List the prime factors of v(8).
5
Let r = -4 - -9. Suppose -50 = r*x - 10*x. List the prime factors of x.
2, 5
Suppose -c - v - 47 = 0, 10 = -2*v - 0*v. List the prime factors of 2/7 + (-786)/c.
19
Suppose 198 = -16*t + 17*t. What are the prime factors of t?
2, 3, 11
Suppose -2 - 3 = -h. What are the prime factors of h?
5
Let k(g) be the first derivative of -3*g**2/2 + 3*g + 3. List the prime factors of k(-3).
2, 3
Suppose 0 = -4*s + s - 3, -x + 2*s = -2. List the prime factors of (-2)/(-2)*12 - x.
2, 3
Let y(o) = 8*o**2 + 10*o - 18. What are the prime factors of y(2)?
2, 17
Suppose -z + 5 - 13 = 0. Let d(j) = -4 - 3 - 3*j + j + 3. What are the prime factors of d(z)?
2, 3
Let p = -66 - -190. List the prime factors of p.
2, 31
Suppose 0*s + 3*s - 3 = 0. Let a be (-2)/((4/(-74))/s). Suppose 5*v - 12 - 23 = -5*u, v - 5*u - a = 0. List the prime factors of v.
2, 3
Suppose -6 = 2*z, 4*n - 156 = -3*z + 143. List the prime factors of n.
7, 11
Suppose 0 = -2*z - 2*t + 118, -180 = -5*z + 5*t + 105. Suppose 3*p = -0*k - k + 32, 4*k - z = -5*p. What are the prime factors of p?
2, 5
Let n(l) = l**2 + 13*l + 8. Let y(b) = 3*b**2 + 40*b + 24. Let z(u) = -7*n(u) + 2*y(u). What are the prime factors of z(-6)?
2, 11
Suppose -4*p + 8 = -2*p. Suppose 4*c - 4*q + 104 = -24, p*c = 5*q - 132. What are the prime factors of 10/25 - c/5?
2, 3
Let t = 12 - 17. Let w = 7 + t. Suppose 0 = -7*o + w*o + 35. List the prime factors of o.
7
Suppose -5*j - 3*l - 60 = 0, 2*l + 4 = -j + 3*l. Let s = j - -18. What are the prime factors of s?
3
Suppose 3*f - 6*f = -18. List the prime factors of f.
2, 3
Suppose 0 = 4*x - 17 - 79. Suppose 5*o - x = o. What are the prime factor